{"id":102,"date":"2024-10-15T12:57:49","date_gmt":"2024-10-15T10:57:49","guid":{"rendered":"https:\/\/relax-naturkosmetik.de\/?page_id=102"},"modified":"2025-09-20T22:15:42","modified_gmt":"2025-09-20T20:15:42","slug":"ueber-mich","status":"publish","type":"page","link":"https:\/\/relax-naturkosmetik.de\/home\/ueber-mich\/","title":{"rendered":"\u00dcber mich"},"content":{"rendered":"\t\t<div data-elementor-type=\"wp-page\" data-elementor-id=\"102\" class=\"elementor elementor-102\">\n\t\t\t\t<div class=\"elementor-element elementor-element-4203e25 e-flex e-con-boxed e-con e-parent\" data-id=\"4203e25\" data-element_type=\"container\" data-e-type=\"container\" data-settings=\"{&quot;background_background&quot;:&quot;classic&quot;}\">\n\t\t\t\t\t<div class=\"e-con-inner\">\n\t\t\t\t<div class=\"elementor-element elementor-element-d6dc1ea elementor-widget__width-inherit elementor-widget elementor-widget-heading\" data-id=\"d6dc1ea\" data-element_type=\"widget\" data-e-type=\"widget\" data-widget_type=\"heading.default\">\n\t\t\t\t<div class=\"elementor-widget-container\">\n\t\t\t\t\t<h2 class=\"elementor-heading-title elementor-size-default\">\u00dcber mich<\/h2>\t\t\t\t<\/div>\n\t\t\t\t<\/div>\n\t\t<div class=\"elementor-element elementor-element-19fefc5 e-con-full e-flex e-con e-child\" data-id=\"19fefc5\" data-element_type=\"container\" data-e-type=\"container\">\n\t\t\t\t<div class=\"elementor-element elementor-element-a82fa54 elementor-widget elementor-widget-image\" data-id=\"a82fa54\" data-element_type=\"widget\" data-e-type=\"widget\" data-widget_type=\"image.default\">\n\t\t\t\t<div class=\"elementor-widget-container\">\n\t\t\t\t\t\t\t\t\t\t\t\t\t\t\t<img fetchpriority=\"high\" decoding=\"async\" width=\"768\" height=\"1024\" src=\"https:\/\/relax-naturkosmetik.de\/wp-content\/uploads\/2024\/12\/IMG-20211015-WA0038.jpg\" class=\"attachment-large size-large wp-image-509\" alt=\"Kosmetikstudio - Schwieberdingen\" srcset=\"https:\/\/relax-naturkosmetik.de\/wp-content\/uploads\/2024\/12\/IMG-20211015-WA0038.jpg 768w, https:\/\/relax-naturkosmetik.de\/wp-content\/uploads\/2024\/12\/IMG-20211015-WA0038-225x300.jpg 225w\" sizes=\"(max-width: 768px) 100vw, 768px\" \/>\t\t\t\t\t\t\t\t\t\t\t\t\t\t\t<\/div>\n\t\t\t\t<\/div>\n\t\t\t\t<\/div>\n\t\t<div class=\"elementor-element elementor-element-455dbb0 e-con-full e-flex e-con e-child\" data-id=\"455dbb0\" data-element_type=\"container\" data-e-type=\"container\">\n\t\t\t\t<div class=\"elementor-element elementor-element-a5d1af0 elementor-widget__width-initial elementor-widget elementor-widget-text-editor\" data-id=\"a5d1af0\" data-element_type=\"widget\" data-e-type=\"widget\" data-widget_type=\"text-editor.default\">\n\t\t\t\t<div class=\"elementor-widget-container\">\n\t\t\t\t\t\t\t\t\t<p>Hi, ich hei\u00dfe Ivana Linder.<\/p><p>Mein wichtigstes Ziel ist Ihr Wohlbefinden. Ich m\u00f6chte eine Harmonie von K\u00f6rper, Geist und Seele erzielen.<\/p><p>Ich biete Ihnen auf Sie abgestimmte, vielseitige\u00a0 Kosmetikbehandlungen und Massagen an.<\/p><p>In meinen Behandlungen verwende ich die Demeter-zertifizierte Kosmetikprodukte von<\/p><p><a href=\"https:\/\/www.mg-naturkosmetik.de\/\" target=\"_blank\" rel=\"noopener\">Martina Gebhardt Naturkosmetik<\/a><\/p><p>und die Produkte der Firma<\/p><p><em><strong><span style=\"color: #000000;\"><a href=\"https:\/\/www.provida.de\/\" target=\"_blank\" rel=\"noopener\">Provida Organics<\/a>.<\/span><\/strong><\/em><\/p><p>Auch die verwendeten Massage\u00f6le und \u00e4therische \u00d6le sind 100% Bio Qualit\u00e4t.<\/p>\t\t\t\t\t\t\t\t<\/div>\n\t\t\t\t<\/div>\n\t\t\t\t<\/div>\n\t\t<div class=\"elementor-element elementor-element-3ab139a e-con-full e-flex e-con e-child\" data-id=\"3ab139a\" data-element_type=\"container\" data-e-type=\"container\">\n\t\t\t\t<div class=\"elementor-element elementor-element-62c82a8 elementor-widget elementor-widget-text-editor\" data-id=\"62c82a8\" data-element_type=\"widget\" data-e-type=\"widget\" data-widget_type=\"text-editor.default\">\n\t\t\t\t<div class=\"elementor-widget-container\">\n\t\t\t\t\t\t\t\t\t<p>1999 habe ich den staatlich zugelassenen Lehrgang zur Kosmetikerin bei aesthetic + cosmetic begonnen.\u00a0\u00a0<\/p><p>2000 habe ich die Pr\u00fcfungen zur staatlich zugelassenen Kosmetikerin bei aesthetic + cosmetic in Praxis und Theorie erfolgreich abgelegt.<\/p><p>2000 bis 2005 habe ich als mobile Kosmetikerin in Filderstadt gearbeitet.\u00a0<\/p><p>Im September 2005 konnte ich dann mein Traum erf\u00fcllen und in Schwieberdingen mein Kosmetikstudio er\u00f6ffnen.<\/p><p>Auch jetzt bilde ich mich weiter, erlerne neue Massagetechniken, informiere mich \u00fcber neue Produkte&#8230;\u00a0\u00a0<\/p>\t\t\t\t\t\t\t\t<\/div>\n\t\t\t\t<\/div>\n\t\t\t\t<\/div>\n\t\t<div class=\"elementor-element elementor-element-dd2b0f2 e-con-full e-flex e-con e-child\" data-id=\"dd2b0f2\" data-element_type=\"container\" data-e-type=\"container\">\n\t\t\t\t<div class=\"elementor-element elementor-element-fdd4c6b elementor-widget elementor-widget-image\" data-id=\"fdd4c6b\" data-element_type=\"widget\" data-e-type=\"widget\" data-widget_type=\"image.default\">\n\t\t\t\t<div class=\"elementor-widget-container\">\n\t\t\t\t\t\t\t\t\t\t\t\t\t\t\t<img decoding=\"async\" width=\"1024\" height=\"768\" src=\"https:\/\/relax-naturkosmetik.de\/wp-content\/uploads\/2025\/01\/20220510_190731-1024x768.jpg\" class=\"attachment-large size-large wp-image-722\" alt=\"Kosmetikstudio - Schwieberdingen\" srcset=\"https:\/\/relax-naturkosmetik.de\/wp-content\/uploads\/2025\/01\/20220510_190731-1024x768.jpg 1024w, https:\/\/relax-naturkosmetik.de\/wp-content\/uploads\/2025\/01\/20220510_190731-300x225.jpg 300w, https:\/\/relax-naturkosmetik.de\/wp-content\/uploads\/2025\/01\/20220510_190731-768x576.jpg 768w, https:\/\/relax-naturkosmetik.de\/wp-content\/uploads\/2025\/01\/20220510_190731.jpg 1152w\" sizes=\"(max-width: 1024px) 100vw, 1024px\" \/>\t\t\t\t\t\t\t\t\t\t\t\t\t\t\t<\/div>\n\t\t\t\t<\/div>\n\t\t\t\t<\/div>\n\t\t\t\t\t<\/div>\n\t\t\t\t<\/div>\n\t\t\t\t<\/div>\n\t\t","protected":false},"excerpt":{"rendered":"<p>\u00dcber mich Hi, ich hei\u00dfe Ivana Linder. Mein wichtigstes Ziel ist Ihr Wohlbefinden. Ich m\u00f6chte eine Harmonie von K\u00f6rper, Geist und Seele erzielen. Ich biete Ihnen auf Sie abgestimmte, vielseitige\u00a0 Kosmetikbehandlungen und Massagen an. In meinen Behandlungen verwende ich die Demeter-zertifizierte Kosmetikprodukte von Martina Gebhardt Naturkosmetik und die Produkte der Firma Provida Organics. Auch die [&hellip;]<\/p>\n","protected":false},"author":1,"featured_media":0,"parent":0,"menu_order":0,"comment_status":"closed","ping_status":"closed","template":"","meta":{"ocean_post_layout":"full-screen","ocean_both_sidebars_style":"","ocean_both_sidebars_content_width":0,"ocean_both_sidebars_sidebars_width":0,"ocean_sidebar":"","ocean_second_sidebar":"","ocean_disable_margins":"enable","ocean_add_body_class":"","ocean_shortcode_before_top_bar":"","ocean_shortcode_after_top_bar":"","ocean_shortcode_before_header":"","ocean_shortcode_after_header":"","ocean_has_shortcode":"","ocean_shortcode_after_title":"","ocean_shortcode_before_footer_widgets":"","ocean_shortcode_after_footer_widgets":"","ocean_shortcode_before_footer_bottom":"","ocean_shortcode_after_footer_bottom":"","ocean_display_top_bar":"off","ocean_display_header":"default","ocean_header_style":"","ocean_center_header_left_menu":"","ocean_custom_header_template":"","ocean_custom_logo":0,"ocean_custom_retina_logo":0,"ocean_custom_logo_max_width":0,"ocean_custom_logo_tablet_max_width":0,"ocean_custom_logo_mobile_max_width":0,"ocean_custom_logo_max_height":0,"ocean_custom_logo_tablet_max_height":0,"ocean_custom_logo_mobile_max_height":0,"ocean_header_custom_menu":"","ocean_menu_typo_font_family":"","ocean_menu_typo_font_subset":"","ocean_menu_typo_font_size":0,"ocean_menu_typo_font_size_tablet":0,"ocean_menu_typo_font_size_mobile":0,"ocean_menu_typo_font_size_unit":"px","ocean_menu_typo_font_weight":"","ocean_menu_typo_font_weight_tablet":"","ocean_menu_typo_font_weight_mobile":"","ocean_menu_typo_transform":"","ocean_menu_typo_transform_tablet":"","ocean_menu_typo_transform_mobile":"","ocean_menu_typo_line_height":0,"ocean_menu_typo_line_height_tablet":0,"ocean_menu_typo_line_height_mobile":0,"ocean_menu_typo_line_height_unit":"","ocean_menu_typo_spacing":0,"ocean_menu_typo_spacing_tablet":0,"ocean_menu_typo_spacing_mobile":0,"ocean_menu_typo_spacing_unit":"","ocean_menu_link_color":"","ocean_menu_link_color_hover":"","ocean_menu_link_color_active":"","ocean_menu_link_background":"","ocean_menu_link_hover_background":"","ocean_menu_link_active_background":"","ocean_menu_social_links_bg":"","ocean_menu_social_hover_links_bg":"","ocean_menu_social_links_color":"","ocean_menu_social_hover_links_color":"","ocean_disable_title":"on","ocean_disable_heading":"default","ocean_post_title":"","ocean_post_subheading":"","ocean_post_title_style":"","ocean_post_title_background_color":"","ocean_post_title_background":0,"ocean_post_title_bg_image_position":"","ocean_post_title_bg_image_attachment":"","ocean_post_title_bg_image_repeat":"","ocean_post_title_bg_image_size":"","ocean_post_title_height":0,"ocean_post_title_bg_overlay":0.5,"ocean_post_title_bg_overlay_color":"","ocean_disable_breadcrumbs":"default","ocean_breadcrumbs_color":"","ocean_breadcrumbs_separator_color":"","ocean_breadcrumbs_links_color":"","ocean_breadcrumbs_links_hover_color":"","ocean_display_footer_widgets":"off","ocean_display_footer_bottom":"off","ocean_custom_footer_template":"","footnotes":""},"class_list":["post-102","page","type-page","status-publish","hentry","entry"],"_links":{"self":[{"href":"https:\/\/relax-naturkosmetik.de\/home\/wp-json\/wp\/v2\/pages\/102","targetHints":{"allow":["GET"]}}],"collection":[{"href":"https:\/\/relax-naturkosmetik.de\/home\/wp-json\/wp\/v2\/pages"}],"about":[{"href":"https:\/\/relax-naturkosmetik.de\/home\/wp-json\/wp\/v2\/types\/page"}],"author":[{"embeddable":true,"href":"https:\/\/relax-naturkosmetik.de\/home\/wp-json\/wp\/v2\/users\/1"}],"replies":[{"embeddable":true,"href":"https:\/\/relax-naturkosmetik.de\/home\/wp-json\/wp\/v2\/comments?post=102"}],"version-history":[{"count":167,"href":"https:\/\/relax-naturkosmetik.de\/home\/wp-json\/wp\/v2\/pages\/102\/revisions"}],"predecessor-version":[{"id":1958,"href":"https:\/\/relax-naturkosmetik.de\/home\/wp-json\/wp\/v2\/pages\/102\/revisions\/1958"}],"wp:attachment":[{"href":"https:\/\/relax-naturkosmetik.de\/home\/wp-json\/wp\/v2\/media?parent=102"}],"curies":[{"name":"wp","href":"https:\/\/api.w.org\/{rel}","templated":true}]}}

Über mich

<div data-elementor-type="wp-page" data-elementor-id="102" class="elementor elementor-102">
				<div class="elementor-element elementor-element-4203e25 e-flex e-con-boxed e-con e-parent" data-id="4203e25" data-element_type="container" data-e-type="container" data-settings="{&quot;background_background&quot;:&quot;classic&quot;}">
					<div class="e-con-inner">
				<div class="elementor-element elementor-element-d6dc1ea elementor-widget__width-inherit elementor-widget elementor-widget-heading" data-id="d6dc1ea" data-element_type="widget" data-e-type="widget" data-widget_type="heading.default">
				<div class="elementor-widget-container">
					<h2 class="elementor-heading-title elementor-size-default">Über mich</h2>				</div>
				</div>
		<div class="elementor-element elementor-element-19fefc5 e-con-full e-flex e-con e-child" data-id="19fefc5" data-element_type="container" data-e-type="container">
				<div class="elementor-element elementor-element-a82fa54 elementor-widget elementor-widget-image" data-id="a82fa54" data-element_type="widget" data-e-type="widget" data-widget_type="image.default">
				<div class="elementor-widget-container">
															<img fetchpriority="high" decoding="async" width="768" height="1024" src="https://relax-naturkosmetik.de/wp-content/uploads/2024/12/IMG-20211015-WA0038.jpg" class="attachment-large size-large wp-image-509" alt="Kosmetikstudio - Schwieberdingen" srcset="https://relax-naturkosmetik.de/wp-content/uploads/2024/12/IMG-20211015-WA0038.jpg 768w, https://relax-naturkosmetik.de/wp-content/uploads/2024/12/IMG-20211015-WA0038-225x300.jpg 225w" sizes="(max-width: 768px) 100vw, 768px" />															</div>
				</div>
				</div>
		<div class="elementor-element elementor-element-455dbb0 e-con-full e-flex e-con e-child" data-id="455dbb0" data-element_type="container" data-e-type="container">
				<div class="elementor-element elementor-element-a5d1af0 elementor-widget__width-initial elementor-widget elementor-widget-text-editor" data-id="a5d1af0" data-element_type="widget" data-e-type="widget" data-widget_type="text-editor.default">
				<div class="elementor-widget-container">
									<p>Hi, ich heiße Ivana Linder.</p><p>Mein wichtigstes Ziel ist Ihr Wohlbefinden. Ich möchte eine Harmonie von Körper, Geist und Seele erzielen.</p><p>Ich biete Ihnen auf Sie abgestimmte, vielseitige  Kosmetikbehandlungen und Massagen an.</p><p>In meinen Behandlungen verwende ich die Demeter-zertifizierte Kosmetikprodukte von</p><p><a href="https://www.mg-naturkosmetik.de/" target="_blank" rel="noopener">Martina Gebhardt Naturkosmetik</a></p><p>und die Produkte der Firma</p><p><em><strong><span style="color: #000000;"><a href="https://www.provida.de/" target="_blank" rel="noopener">Provida Organics</a>.</span></strong></em></p><p>Auch die verwendeten Massageöle und ätherische Öle sind 100% Bio Qualität.</p>								</div>
				</div>
				</div>
		<div class="elementor-element elementor-element-3ab139a e-con-full e-flex e-con e-child" data-id="3ab139a" data-element_type="container" data-e-type="container">
				<div class="elementor-element elementor-element-62c82a8 elementor-widget elementor-widget-text-editor" data-id="62c82a8" data-element_type="widget" data-e-type="widget" data-widget_type="text-editor.default">
				<div class="elementor-widget-container">
									<p>1999 habe ich den staatlich zugelassenen Lehrgang zur Kosmetikerin bei aesthetic + cosmetic begonnen.  </p><p>2000 habe ich die Prüfungen zur staatlich zugelassenen Kosmetikerin bei aesthetic + cosmetic in Praxis und Theorie erfolgreich abgelegt.</p><p>2000 bis 2005 habe ich als mobile Kosmetikerin in Filderstadt gearbeitet. </p><p>Im September 2005 konnte ich dann mein Traum erfüllen und in Schwieberdingen mein Kosmetikstudio eröffnen.</p><p>Auch jetzt bilde ich mich weiter, erlerne neue Massagetechniken, informiere mich über neue Produkte&#8230;  </p>								</div>
				</div>
				</div>
		<div class="elementor-element elementor-element-dd2b0f2 e-con-full e-flex e-con e-child" data-id="dd2b0f2" data-element_type="container" data-e-type="container">
				<div class="elementor-element elementor-element-fdd4c6b elementor-widget elementor-widget-image" data-id="fdd4c6b" data-element_type="widget" data-e-type="widget" data-widget_type="image.default">
				<div class="elementor-widget-container">
															<img decoding="async" width="1024" height="768" src="https://relax-naturkosmetik.de/wp-content/uploads/2025/01/20220510_190731-1024x768.jpg" class="attachment-large size-large wp-image-722" alt="Kosmetikstudio - Schwieberdingen" srcset="https://relax-naturkosmetik.de/wp-content/uploads/2025/01/20220510_190731-1024x768.jpg 1024w, https://relax-naturkosmetik.de/wp-content/uploads/2025/01/20220510_190731-300x225.jpg 300w, https://relax-naturkosmetik.de/wp-content/uploads/2025/01/20220510_190731-768x576.jpg 768w, https://relax-naturkosmetik.de/wp-content/uploads/2025/01/20220510_190731.jpg 1152w" sizes="(max-width: 1024px) 100vw, 1024px" />															</div>
				</div>
				</div>
					</div>
				</div>
				</div>

<p>Über mich Hi, ich heiße Ivana Linder. Mein wichtigstes Ziel ist Ihr Wohlbefinden. Ich möchte eine Harmonie von Körper, Geist und Seele erzielen. Ich biete Ihnen auf Sie abgestimmte, vielseitige  Kosmetikbehandlungen und Massagen an. In meinen Behandlungen verwende ich die Demeter-zertifizierte Kosmetikprodukte von Martina Gebhardt Naturkosmetik und die Produkte der Firma Provida Organics. Auch die [&hellip;]</p>
